site?
True
Is 59089 a composite number?
True
Is 91 prime?
False
Is 80023 a prime number?
False
Is 25889 a composite number?
False
Is 57709 composite?
False
Is 17993 a prime number?
False
Is 21883 prime?
False
Is 1823 a prime number?
True
Is 143133 a composite number?
True
Is 16673 prime?
True
Is 2855 a prime number?
False
Is 651265 composite?
True
Is 1617267 a prime number?
False
Is 16619 composite?
False
Is 1217899 a prime number?
True
Is 9127 a prime number?
True
Is 14831 a composite number?
False
Is 10903 composite?
False
Is 9587 composite?
False
Is 79531 a prime number?
True
Is 136811 a composite number?
False
Is 11213 a prime number?
True
Is 7609 composite?
True
Is 62771 prime?
False
Is 47207 a composite number?
False
Is 1289513 prime?
True
Is 735217 a composite number?
True
Is 1189 composite?
True
Is 24733 a composite number?
False
Is 328435 prime?
False
Is 11483 a composite number?
False
Is 32771 prime?
True
Is 316493 prime?
True
Is 26759 composite?
False
Is 136061 composite?
True
Is 93511 composite?
True
Is 1138957 composite?
False
Is 5197 composite?
False
Is 107893 a prime number?
False
Is 52385 a composite number?
True
Is 109333 a composite number?
True
Is 48943 composite?
True
Is 7121 composite?
False
Is 287089 a composite number?
True
Is 8923 prime?
True
Is 735133 prime?
False
Is 26303 composite?
True
Is 50657 composite?
True
Is 5759 prime?
False
Is 211529 a composite number?
True
Is 21874 a composite number?
True
Is 62897 prime?
True
Is 328737 prime?
False
Is 37747 a composite number?
False
Is 42797 prime?
True
Is 5039 a prime number?
True
Is 74653 composite?
False
Is 483133 composite?
True
Is 35599 a composite number?
True
Is 73121 a composite number?
False
Is 130099 prime?
True
Is 130099 a prime number?
True
Is 25907 prime?
False
Is 310597 a prime number?
False
Is 250739 a prime number?
True
Is 6733 a composite number?
False
Is 23137 prime?
False
Is 16183 prime?
True
Is 40483 a prime number?
True
Is 64587 prime?
False
Is 3989 a composite number?
False
Is 4547 composite?
False
Is 143593 a prime number?
True
Is 43915 a composite number?
True
Is 25709 prime?
False
Is 71387 a prime number?
True
Is 1190641 a prime number?
False
Is 624217 composite?
True
Is 6323 a prime number?
True
Is 49705 prime?
False
Is 182711 composite?
False
Is 1759 a prime number?
True
Is 53957 prime?
False
Is 332377 prime?
False
Is 3299 a composite number?
False
Is 1634583 prime?
False
Is 618155 composite?
True
Is 13799 a prime number?
True
Is 1567 a composite number?
False
Is 365903 composite?
False
Is 71191 a composite number?
False
Is 3865253 composite?
True
Is 220357 prime?
True
Is 11233 composite?
True
Is 63197 composite?
False
Is 820055 composite?
True
Is 339181 composite?
True
Is 404941 a prime number?
True
Is 18087 prime?
False
Is 3817 a prime number?
False
Is 6997 a prime number?
True
Is 733 a composite number?
False
Is 991 composite?
False
Is 290243 a prime number?
True
Is 583733 a prime number?
True
Is 7573 a composite number?
False
Is 31177 a composite number?
False
Is 36433 composite?
False
Is 17827 a composite number?
False
Is 1036943 a composite number?
False
Is 3079 a prime number?
True
Is 449095 composite?
True
Is 29929 a composite number?
True
Is 762529 prime?
True
Is 93643 a prime number?
False
Is 127769 a composite number?
True
Is 11963 a composite number?
True
Is 5461 a prime number?
False
Is 6247 prime?
True
Is 5269 composite?
True
Is 232163 a composite number?
True
Is 5935 a prime number?
False
Is 122855 a composite number?
True
Is 1207023 composite?
True
Is 44734 a prime number?
False
Is 103099 composite?
False
Is 170801 composite?
False
Is 92398 a prime number?
False
Is 15627 a composite number?
True
Is 19661 a prime number?
True
Is 101681 a composite number?
False
Is 10792453 a prime number?
False
Is 623474 composite?
True
Is 9923 composite?
False
Is 95 composite?
True
Is 27479 a composite number?
False
Is 14813 a prime number?
True
Is 11401 composite?
True
Is 54661 composite?
True
Is 1009 a prime number?
True
Is 327895 composite?
True
Is 506773 prime?
True
Is 930931 prime?
True
Is 1615613 a prime number?
True
Is 27641 composite?
True
Is 44579 a prime number?
True
Is 142271 composite?
False
Is 148331 composite?
False
Is 96643 a composite number?
False
Is 20269 prime?
True
Is 61331 a prime number?
True
Is 77521 a prime number?
True
Is 149827 composite?
False
Is 187463 a composite number?
False
Is 13837 a composite number?
True
Is 1073 composite?
True
Is 84179 prime?
True
Is 4249 a prime number?
False
Is 62003 composite?
False
Is 9299 prime?
False
Is 1954211 a composite number?
True
Is 91507 a composite number?
True
Is 321889 composite?
False
Is 103657 a composite number?
False
Is 945101 a composite number?
True
Is 331 a composite number?
False
Is 54941 a composite number?
False
Is 51217 composite?
False
Is 2329 a prime number?
False
Is 92197 prime?
False
Is 579317 a prime number?
False
Is 544169 composite?
True
Is 88898 composite?
True
Is 281261 prime?
False
Is 306739 composite?
False
Is 81439 a prime number?
True
Is 58271 a prime number?
True
Is 63241 a prime number?
True
Is 10522 prime?
False
Is 284989 a composite number?
False
Is 226399 a composite number?
True
Is 6947 a prime number?
True
Is 3593 a prime number?
True
Is 1821353 a composite number?
False
Is 81115 composite?
True
Is 4637 prime?
True
Is 1361 composite?
False
Is 8999 composite?
False
Is 911 a composite number?
False
Is 19841 a composite number?
False
Is 6074 a composite number?
True
Is 674285 composite?
True
Is 101005 a prime number?
False
Is 420149 a composite number?
False
Is 466319 a composite number?
True
Is 42433 prime?
True
Is 5737 a composite number?
False
Is 3587 a prime number?
False
Is 785 a composite number?
True
Is 624763 composite?
False
Is 6805 a composite number?
True
Is 719327 prime?
False
Is 1251641 a composite number?
False
Is 79757 prime?
True
Is 229373 composite?
False
Is 713021 a composite number?
False
Is 493089 a prime number?
False
Is 459733 composite?
True
Is 34621 a prime number?
False
Is 157171 a composite number?
True
Is 10723 composite?
False
Is 9451 a composite number?
True
Is 3593 prime?
True
Is 91909 composite?
False
Is 53 a composite number?
False
Is 2399 a composite number?
False
Is 862097 composite?
False
Is 109909 a prime number?
False
Is 1635902 prime?
False
Is 13553 a composite number?
False
Is 5147 a prime number?
True
Is 21971 composite?
True
Is 50249 composite?
True
Is 269909 a composite number?
True
Is 1967227 prime?
False
Is 645397 a prime number?
True
Is 6242 composite?
True
Is 3823399 a composite number?
False
Is 4735903 a prime number?
False
Is 30449 composite?
False
Is 69181 composite?
True
Is 1642 a prime number?
False
Is 186593 prime?
False
Is 80611 composite?
False
Is 541 prime?
True
Is 14951 a composite number?
False
Is 109627 prime?
False
Is 102181 a composite number?
False
Is 331651 a composite number?
False
Is 3814 prime?
False
Is 3659 a composite number?
False
Is 8203 prime?
False
Is 105289 prime?
False
Is 5897 a prime number?
True
Is 177621 a prime number?
False
Is 249113 composite?
True
Is 971 a prime number?
True
Is 8641 composite?
False
Is 677 a prime number?
True
Is 144589 composite?
False
Is 10651 composite?
False
Is 23159 prime?
True
Is 52051 a prime number?
True
Is 16735 prime?
False
Is 2761 a composite number?
True
Is 88759 a prime number?
False
Is 36187 a composite number?
False
Is 118967 a composite number?
False
Is 11801 composite?
False
Is 708621 a prime number?
False
Is 26591 a composite number?
False
Is 20477 a prime number?
True
Is 2453 a prime number?
False
Is 21647 composite?
False
Is 24911 prime?
False
Is 23401 composite?
True
Is 2719 composite?
False
Is 537661 prime?
True
Is 10289 composite?
False
Is 5779 a prime number?
True
Is 157559 a composite number?
False
Is 31677 a composite number?
True
Is 12641 a composite number?
False
Is 27289 prime?
False
Is 937721 a prime number?
True
Is 167667 a composite number?
True
Is 371741 composite?
True
Is 1713281 a prime number?
True
Is 14197 a prime number?
True
Is 7349 a prime number?
True
Is 1255 composite?
True
Is 7539341 composite?
False
Is 1698523 composite?
True
Is 52163 a composite number?
False
Is 256321 prime?
False
Is 13097 a composite numbe